 l(z) = -21*z**3 - z**2. What are the prime factors of l(p)?
2, 5
Let k(g) = g**2 + 1. Let t be k(-2). Let m be (1 - 10/6)*-63. Suppose m = t*a + 3*h, h - 2 - 2 = 0. What are the prime factors of a?
2, 3
Suppose -2*g = n - 39, -n = -3*g + 43 + 23. Suppose 4*a = g + 15. List the prime factors of a.
3
What are the prime factors of (20/16)/((-5)/(-80))?
2, 5
Let a be -1 + 0 + (-6)/(-2). Suppose 2*v - 72 = -a*v. List the prime factors of v.
2, 3
Suppose 4*z = -55 + 591. List the prime factors of z.
2, 67
Let k = 310 - 148. List the prime factors of k.
2, 3
Suppose -k + 3*k = -2, -5*x + 2*k + 497 = 0. List the prime factors of x.
3, 11
Let p = -5 + 5. Suppose -2*r + 35 - 3 = p. List the prime factors of r.
2
Let z(h) = -h**3 + 10*h**2 + 13*h - 8. Suppose -v - 49 = -4*l, 6 = 5*l - 19. Let x = v - -40. List the prime factors of z(x).
2, 7
Let k = -6 - 3. Let y be 6/k*(9 + 0). Let m = -1 - y. What are the prime factors of m?
5
Let f(p) = p**3 + p**2 + p + 2. Let h(u) = -u**2 + 8*u - 7. Let d be h(7). Let x be f(d). Let a = x - -3. What are the prime factors of a?
5
Suppose -2*c - 6 = -y + 2*c, 5*c = -5. Let o(f) = 10*f**2 - 4*f + 2. What are the prime factors of o(y)?
2, 17
What are the prime factors of (1 + -2)*156*36/(-48)?
3, 13
Suppose 0 = 7*w - 5*w - 168. What are the prime factors of w?
2, 3, 7
Let n(d) = 5*d + 1. Let j be n(-1). Suppose -12 = 2*y + 2*r, 0 = 4*y - 2*r - 0*r + 12. What are the prime factors of y/6*78/j?
13
Let g = 14 + 17. Suppose 2*r - g = -0*r - 3*x, -2*r = -3*x - 37. List the prime factors of r.
17
Suppose 4*o = 2 + 10. Suppose 0 = -2*v - 2 - 4, -7 = -4*a - o*v. List the prime factors of a.
2
What are the prime factors of -3 + 1 + 3 + 496/4?
5
Suppose 2*t - 9 = 1. Let r = t + 8. What are the prime factors of r?
13
Let k = 33 - 19. List the prime factors of k.
2, 7
Suppose 2*k = i - 0*k - 6, 0 = 2*i + 4*k + 28. Let q(d) = -2*d - 4. Let l(j) = -3*j - 6. Let o(w) = -5*l(w) + 8*q(w). List the prime factors of o(i).
2
Let o(c) = -c**2 - 12*c - 16. List the prime factors of o(-10).
2
What are the prime factors of 320/7 + 2/7?
2, 23
Let c(h) = 3*h**3 - h**2 + h - 1. Let o be c(1). Suppose -2*l + 2*w + 28 = 0, 1 = 2*l + 3*w - o. What are the prime factors of l?
3
Let l = -1 + 10. List the prime factors of ((2 - l) + 2)/(-1).
5
Let l be 108/26 - 4/26. List the prime factors of 723/27 - l/(-18).
3
Let g(s) = -s**2 + 5. Let v be (0/(-2))/(0 - 1). Let u be g(v). Suppose -30 = -4*w + 5*h + 27, 2*w + u*h + 9 = 0. What are the prime factors of w?
2
Suppose 0 = c - 3*a + 2, 0*c + 5*c - 2*a - 16 = 0. Let b = c + 0. Let z = b + -1. What are the prime factors of z?
3
Let v(f) = -f**3 - 2*f**2 - 2*f. Let k be v(-2). Suppose 6*a = -a + 28. Suppose a*n - 32 = -o, -27 = -k*o - 4*n + 65. What are the prime factors of o?
2, 5
Suppose 2*w + 37 = 145. Let q = w + -31. Suppose -3*b + 13 = -q. What are the prime factors of b?
2, 3
Let x be 1 + 0 + -2 - 7. Let z = -6 - x. Suppose 3*h + 21 = 3*i, z + 1 = i + h. What are the prime factors of i?
5
Suppose -3*p + 6*p = 3*l - 102, 0 = -3*p - 12. List the prime factors of l.
2, 3, 5
What are the prime factors of (4 + -2)/4*62?
31
Let z(d) = -8*d - 15. What are the prime factors of z(-5)?
5
List the prime factors of 112/(-6)*(-22 - (-20)/5).
2, 3, 7
Let o(v) = 4*v - 1. Suppose -1 = -q - 0*q. Let g be o(q). Suppose u = -b + 6, 5*u + g*b + 23 = 57. List the prime factors of u.
2
Let h = 727 + -121. List the prime factors of 4/(-6) - h/(-18).
3, 11
Let h = 33 + -8. What are the prime factors of h?
5
Suppose -4*x = -5*r - 23, x + 4*x - 2*r - 33 = 0. Suppose -2*v = 2 - 8. Suppose 1 = v*h - 5*k, x = h + 4*h - 3*k. What are the prime factors of h?
2
Let o = -12 - -34. List the prime factors of o.
2, 11
Let u(t) = 6*t**2 - 1. Let f be u(1). Suppose r - 10 = f*k - 52, -4*k + 26 = 3*r. Suppose 4*g - 36 = -5*m, -5*m + g + k = -2*g. What are the prime factors of m?
2
Suppose u = -u + 40. Suppose -u = -6*g + g. List the prime factors of g.
2
Suppose h = 5*h - 104. List the prime factors of h.
2, 13
Suppose k = -0*k + 129. List the prime factors of k.
3, 43
List the prime factors of 41 + ((-1)/(-2))/((-1)/(-8)).
3, 5
List the prime factors of -1 - (-2 + -14) - 2.
13
Let f be (-4)/(-10) + (-54)/(-15). Suppose -f*d - 3*k = -8*k - 32, 2*d - 4*k - 22 = 0. What are the prime factors of d?
3
Let q be 4/(-3)*15/(-2). What are the prime factors of (-4)/10 - (-174)/q?
17
List the prime factors of 5/(35/1866) - (-24)/(-42).
2, 7, 19
Let c(q) = -q**3 - 3*q**2 + q + 1. Let r be c(-5). Suppose 5*s - 25 = -5*k, -4*k - k = -2*s - r. Let v = -3 + k. What are the prime factors of v?
5
Let i(o) = o**3 + 5*o**2 - 6*o + 2. Let z be i(-6). Suppose -c + 4*c = -z*t + 31, 2*t = 4*c + 10. What are the prime factors of t?
11
Let t(m) = -m**2 - 7*m - 3. Let x be t(-6). Let r be x/(-9) - 44/(-6). Let b = 16 - r. What are the prime factors of b?
3
Let x(s) = 3*s - 13. Let k be 2/(2 + -3) + 12. What are the prime factors of x(k)?
17
Let h be 3*7*(-1 + 2). Let y be (-173)/(-7) - (-6)/h. Suppose -7*n = -2*n - y. List the prime factors of n.
5
List the prime factors of -8 + 5 + (-2)/(-2) + 26.
2, 3
Let w(i) = 6*i - 1. Let h be w(-1). What are the prime factors of (-28)/(-2) + h + 6?
13
Let w(n) = -10*n. Let z be w(-3). Let k(q) = q**2 + 2*q. Let b be k(-3). Suppose -b*h + 15 = l, h - 4*l - z = -2*h. List the prime factors of h.
2, 3
Let m be 3*(34/(-6) + 2). Let u = m - -21. List the prime factors of u.
2, 5
Let n = 6 - -3. Let m(d) = d + 3 - 2*d + n - 1. List the prime factors of m(0).
11
Suppose 2*p = 2*r - 128, 67 = -2*r + 3*r - 2*p. What are the prime factors of r?
61
Let a(h) = -3*h - 1. Let f be a(-1). Suppose f*p + 7 = 25. List the prime factors of p.
3
Let y = 242 + -148. List the prime factors of y.
2, 47
Let z be -1 + (3 - (-2)/(-1)). Let s = z - -7. What are the prime factors of s?
7
Let q(p) = -p + 2. Let g be (6/(-2) - -1) + 4. Let t be q(g). Suppose t*s - 3*s + 21 = 0. List the prime factors of s.
7
Let g(b) = b**2 + 10*b + 8. List the prime factors of g(-15).
83
Let p be ((-15)/(-6))/(2/(-8)). Let a = p - -37. Suppose -3*s + 3*u + 12 = 2*u, -5*s + 4*u = -a. What are the prime factors of s?
3
Let k(j) = -27*j - 2. List the prime factors of k(-1).
5
Suppose 2*o - 44 = -4*q, 55 = -2*q + 7*q - 2*o. List the prime factors of q.
11
Let f = 11 - 7. Suppose -q = -f*q + 6. Suppose 2*t - 4*y = 26, 4*t + 2*y = -q*y - 8. What are the prime factors of t?
3
Let y(w) = -8*w. Let h be y(4). Let r be (h/(-12))/(2/12). Suppose 4 = 2*l - r. List the prime factors of l.
2, 5
Let r be (16/(-6))/((-4)/6). List the prime factors of 138/7 - r/(-14).
2, 5
Suppose 0 = 3*a, 9 = 2*x + 2*a - 53. Suppose -2*l + 14 = -s - x, 3*s - 85 = -5*l. List the prime factors of l.
2, 5
List the prime factors of (-10)/15 + 1131/9.
5
Suppose 7*m - 267 - 244 = 0. What are the prime factors of m?
73
Suppose -3*z - 4*a = -6, 22 - 9 = -5*z + a. Let s be 1/(z - (-21)/9). Suppose 0 = s*v + g + 4*g + 11, -4*v + g + 16 = 0. List the prime factors of v.
3
Suppose -11*c = -9*c. Suppose c = 6*f - 38 - 70. List the prime factors of f.
2, 3
Suppose -3*o = -13 - 23. Suppose 2*c - o = 3*b - 4, -5*c + 3*b = -11. List the prime factors of 0 + -1 + c + 12.
2, 3
Let i = -2 - -3. Let h = 8 + i. Suppose -2*v - v + h = 0. What are the prime factors of v?
3
Let o(n) be the third derivative of -n**4/12 - 5*n**3/6 - 3*n**2. Let h be o(-4). Suppose -31 - 17 = -h*c. List the prime factors of c.
2
Suppose 4 = -2*i - 2*j, -11 = 4*i - 6*i + j. Suppose -4*r + 2 + 0 = -t, -5*r + 4*t + 8 = 0. Let d = i + r. What are the prime factors of d?
3
Let i(j) = -j**3 - 5*j**2 + 7*j + 4. Let m be i(-6). Let y be (-6)/27 + 496/(-36). Let r = m - y. What are the prime factors of r?
2, 3
Suppose 3*z - 9 = -0*z. Let p = z + -1. Suppose 0*u = p*u - 22. List the prime factors of u.
11
Let o(g) = -3*g - 2. Let v be o(-3). Let r(x) = x + 2. Let u be r(v). Let l = u + 0. List the prime factors of l.
3
Let u be (-1 + 0)/(1/(-5)). Let k = 8 - u. Suppose -2*j = -r, r - 3*j = -k*r + 5. List the prime factors of r.
2
Let u(c) = c**2 - 4*c + 3. Let t be u(3). Let k = t - -4. Suppose 0 = k*p - 48. What are the prime factors of p?
2, 3
Let r = 238 - 132. What are the prime factors of r?
2, 53
Let m(a) = 2*a**2 + 7*a - 11. What are the prime 